+ 128. What is the tens digit of y?
3
Suppose -4*d + 2*d - 18 = -5*o, 4*d + 26 = 5*o. Suppose o*k - h = 9, h + 4 = k - 1. Suppose -p = k*p - 20. What is the units digit of p?
4
Suppose 2*a - 16 = 5*o, 3*a - 21 = 3*o + 3. Suppose 2*u - 9 = -y - u, -4*u + a = 0. Suppose -y*k + 6 = -k. What is the units digit of k?
3
Suppose 2*n - 26 = -2*s, -3*s + 2*n = n - 31. What is the units digit of s?
1
Let u(b) = -45*b - 2. What is the units digit of u(-2)?
8
What is the units digit of (-46)/(-3) + 8/(-24)?
5
What is the units digit of 9/3*170/15?
4
Suppose 12 = -3*l, -89 = q - 3*l - 294. What is the units digit of q?
3
Suppose -18 = -2*p + p. What is the tens digit of p?
1
Suppose 0 = -6*j + 4*j + 192. What is the units digit of j?
6
Suppose f + 4*d = 13, 4*d = -1 + 5. Suppose -5*w + f + 6 = 0. What is the units digit of w?
3
Suppose 0 = -5*c + 12 - 2. Suppose 0 = -t + 4. Suppose 0 = -3*y + 5*o + 19 + c, 24 = y + t*o. What is the tens digit of y?
1
Suppose g + 3*g + 40 = d, 5*d - 162 = g. What is the tens digit of d?
3
Let j be (-3)/(-6)*4 + 9. Let t = j + -10. What is the units digit of t?
1
Let i be 2/7 + 868/49. Suppose -g = -2*g. Suppose g = 3*u - 2*p - i, 3*u + 5*p = -0*p - 3. What is the units digit of u?
4
Suppose 4*m = -4*i + 136, 2*m - 68 = -2*i + 3*i. Let f = m - 20. What is the units digit of f?
4
Let i = 50 + 5. Suppose -4*q + 4*j = 49 + i, -j - 52 = 2*q. What is the tens digit of -3*(-1 - q/(-6))?
1
Let z(o) be the second derivative of o**5/20 - o**4/6 + o**3/3 - o**2 + 2*o. Let f be z(2). Suppose v = 1 + f. What is the units digit of v?
3
Suppose 0 = -j + 3*g - 5, -5*j - 6*g = -g - 35. What is the units digit of 1/j + (-23)/(-4)?
6
Suppose 5*j - 352 = 2*c, -4*j - j - c = -349. What is the tens digit of j?
7
Let o be -1 + (-1 - -1*3). Let d = -23 + 22. What is the units digit of (1 - d) + o*7?
9
Suppose 13*m - 102 = 11*m. What is the units digit of m?
1
Suppose -k = -2*k - 19. Let j = -14 - k. What is the units digit of j?
5
Let t(b) = -b + 5. Let v(h) = 6*h**3 - 2*h**2 + h. Let n be v(1). Let w be (10/6)/n*9. What is the units digit of t(w)?
2
Let j(w) = -w**2 - 11*w - 13. Let q be j(-9). Suppose -q*u = -4*s + 240, 0 = -4*s + 3*u - 45 + 293. Suppose -4*n - s = -9*n. What is the units digit of n?
3
Suppose -4*j - 59 = -555. What is the hundreds digit of j?
1
Let j = 12 - 7. Suppose 0 = -j*p + 236 - 46. What is the tens digit of p?
3
Suppose 0*u + f + 6 = u, 3*u + 22 = -5*f. Let a be u/(-4) - 68/(-16). Suppose -2*p = -2*i - a - 26, 3*p = -2*i + 30. What is the tens digit of p?
1
Suppose 0 = -c + 2 + 5. Let f(m) = -m. Let v(j) = -j**2 + 5*j + 4. Let g(z) = -3*f(z) + v(z). What is the tens digit of g(c)?
1
Let j = -2 - -5. Suppose -t - j = 2*y, y = -5*t - 1 + 13. What is the units digit of t?
3
Suppose -5 = -i + 4. Suppose -69 = -4*w - i. What is the tens digit of w?
1
Let h(m) = -4*m - 1. Let x be h(7). What is the tens digit of x/(-2) - 2/4?
1
Let h = -54 + 194. What is the units digit of h?
0
Let h be ((-18)/(-4))/((-6)/8). Let b(m) be the first derivative of m**3/3 + 3*m**2 + 3*m + 2. What is the units digit of b(h)?
3
Let n(g) = g**3 + 6*g**2 + 2. Let r be n(-6). Let w(h) = -h + 8*h - 4*h**r + 5*h**2 - 6. What is the units digit of w(-8)?
2
Let g = 29 - 3. What is the units digit of (1/2*g)/1?
3
Let t = 205 + -12. What is the tens digit of t?
9
Suppose -5*s = 3*y - 2*y - 142, 46 = 2*s + 4*y. What is the tens digit of s?
2
Let s = 222 - 151. What is the units digit of s?
1
Suppose 5*y - 29 = 4*b, 4*b + 5*y - 1 + 20 = 0. Let i(a) = -3*a - 9. What is the units digit of i(b)?
9
Let m = 6 + 3. Suppose -m = -2*v + 5. Suppose -t = y - v, -2 = -2*y - 10. What is the tens digit of t?
1
Suppose 0 = -5*u + 2*u + 2*s - 3, -u + 9 = -4*s. Let f = u + 7. Suppose 35 = f*c + c. What is the units digit of c?
7
Suppose 7 = 3*k - 2. Suppose 3*w + 0*p + p = 30, -50 = -5*w - k*p. What is the units digit of w?
0
Let h = -3 - -7. Suppose h = n - 5. Let z = n + -5. What is the units digit of z?
4
Let w(k) = 2*k**2 + 2*k - 3. Let t be w(-3). Let i = t + -6. What is the units digit of i?
3
Let i = -19 + 38. Suppose 0 = -k + i + 11. What is the units digit of k?
0
Let q(f) = -f**3 - 7*f**2 - f + 1. Let g be (-2)/(8/6 + -2). Suppose -g*i + 7*i = -28. What is the units digit of q(i)?
8
Suppose 0*g - 546 = -4*x - g, 8 = 4*g. What is the tens digit of x?
3
Suppose -293 + 13 = -7*a. What is the units digit of a?
0
Let q(j) = -j**2 - 1 + 5*j**3 + 3*j**2 + 2*j**3. Let w be q(1). Let m(o) = o**2 - 8*o + 6. What is the units digit of m(w)?
6
Let o(k) = -k**2 - 7*k + 8. Let h be o(-7). Let u = 8 - 15. Let j = h + u. What is the units digit of j?
1
Let q(l) be the first derivative of -l**4/4 + 7*l**3/3 + 6*l**2 - 12*l - 5. What is the units digit of q(8)?
0
Let r(x) be the third derivative of -x**7/2520 + x**6/80 - x**5/15 + x**4/24 - x**2. Let b(m) be the second derivative of r(m). What is the tens digit of b(6)?
1
Suppose 4*d = d - 9. Let j(h) = -h - 1 + 3 - 3 + 0*h. What is the units digit of j(d)?
2
Suppose 6 = -3*u - 0*u. Let v = u - -7. What is the units digit of v?
5
Let g be 313/7 + 4/14. Suppose -5*i = g - 0. What is the units digit of (-21)/i + 4/6?
3
Suppose -4*w + 5*t = -296, -3*w + t + 187 = 6*t. What is the tens digit of w?
6
Let r(i) = -11*i. Let m be r(-3). Suppose m = 4*z - z. What is the tens digit of z?
1
Let u(t) = 7*t**2 + 5*t + 5. Let z = 7 - 9. What is the units digit of u(z)?
3
Let h(f) = f**3 - 4*f**2 + 1. Suppose 0 = -i - 0 + 4. Let q be h(i). What is the units digit of 2 + q/(-2 - -1)?
1
What is the tens digit of 5*-56*2/(-10)?
5
Let d(h) = -7*h - 4. Let t be d(-3). Suppose -n = -5, 2*w - 3*n = 3*w - 19. Suppose w*k - t = 7. What is the units digit of k?
6
Let h be 32/(-6)*(-9)/6. Let l(b) = 2 + h*b**2 - 4*b - 2 + 3*b. What is the units digit of l(-1)?
9
Suppose -3*k + 5*k = 2*s + 106, 5*k - 255 = -5*s. What is the units digit of k?
2
Let p = -6 - -10. Suppose 4 = p*f, -c = -0*f + f - 1. Suppose 5*h - 2 - 8 = c. What is the units digit of h?
2
What is the tens digit of 1*(-27 + -2)*-1?
2
Let r(d) = 3*d**3 + 4*d + 0*d**2 - 2*d**3 + 2 + 0*d**2 + 4*d**2. Let y be r(-2). What is the units digit of ((-9)/(-2) - y)*2?
5
Let i(o) = 2*o - 13. Let v be i(6). Let b(c) = -13*c + 2. What is the tens digit of b(v)?
1
Let b(s) = -7*s - 1. Let c be b(-1). Let j = 10 + 5. Let x = j - c. What is the units digit of x?
9
Suppose w = -4*d + 166, 2 = d - 0*d. Let a = -113 + w. Let q = -25 + a. What is the tens digit of q?
2
Let k = 1 - 1. Suppose k = -w - 0 + 13. What is the tens digit of w?
1
Let f(o) = o**2 + 9. Let j be f(0). Suppose -3*w - 5*m = j - 47, 0 = 5*w - 3*m - 18. What is the units digit of w?
6
Suppose 3*i + 5*d - 28 = 0, -4*i + 3*i + 3*d - 14 = 0. Suppose -27 = -4*z + i. What is the units digit of z?
7
Let s = -102 + 197. Suppose -23 = 3*f - s. What is the units digit of f?
4
Let a = -5 + -1. Let i be (-48)/(-36) - (-76)/6. Let y = i + a. What is the units digit of y?
8
Let z = 41 - -56. What is the tens digit of z?
9
Let g(j) = j**3 + 3*j**2 - 2. Let w be g(-2). Let i(c) = 3*c + 2. Let f be i(2). Suppose 0 = w*l + 2*l - f. What is the units digit of l?
2
Let d(k) = 3*k**2 + 6*k - 2. Let f be d(4). Suppose 2*i = -3*i - f. What is the units digit of 130/35 + (-4)/i?
4
Let b(y) = 3*y**2 + 2 - y**2 + 3*y - 9*y. Let r be b(5). Let q = r - 12. What is the units digit of q?
0
Suppose -i + u + 4*u = -150, 3*u = i - 150. What is the hundreds digit of i?
1
Suppose -2*q = 3*q - 10. Let n(i) = -i**3 + 7*i**2 + 4*i - 4. Let x be n(7). Suppose -o - 2*v - q = -v, -3*o + 3*v = -x. What is the units digit of o?
3
Let u be (2/5)/((-2)/(-40)). Suppose -u = 3*s - 2. What is the units digit of s + 6/(2 + -1)?
4
Let i(d) = 2*d**2 + 6*d + 4. Let v be i(-4). Suppose 0 = -2*q - 2*q + v. Suppose -z = q*z - 20. What is the units digit of z?
5
Let m(v) = -v**3 + 5*v**2 - v - 4. Let r be m(4). Let y(h) = h**2 - 6*h - 9. What is the units digit of y(r)?
7
Let l(p) be the third derivative of p**5/6 + p**4/6 - p**3/2 + p**2. What is the units digit of l(2)?
5
Let y = 23 + -16. Let j(d) = d**3 + 9*d**2 + 2. Let u be j(-9). Suppose -m + y + u = 0. What is the units digit of m?
9
Let v(t) = -2 - 5*t - t + 4*t + 5. What is the tens digit of v(-4)?
1
Suppose 84 = 8*r - 5*r. What is the t